0
What is the greatest common divisor of 19 and 1?
1
What is the highest common factor of 21 and 777?
21
Calculate the highest common factor of 3807 and 81.
81
What is the highest common factor of 117 and 63?
9
Calculate the greatest common divisor of 215 and 946.
43
Calculate the greatest common divisor of 404 and 6666.
202
Calculate the highest common divisor of 25 and 275.
25
Calculate the greatest common divisor of 960 and 60.
60
Calculate the greatest common factor of 24 and 2040.
24
What is the highest common factor of 108 and 7965?
27
Calculate the greatest common divisor of 640 and 2320.
80
Calculate the highest common divisor of 3 and 3.
3
Calculate the greatest common factor of 1674 and 124.
62
Calculate the highest common factor of 38 and 38.
38
What is the greatest common factor of 44 and 308?
44
Calculate the highest common divisor of 950 and 200.
50
What is the greatest common divisor of 27 and 108?
27
Calculate the highest common factor of 184 and 92.
92
Calculate the highest common divisor of 38 and 7258.
38
What is the greatest common factor of 225 and 150?
75
What is the greatest common divisor of 5368 and 110?
22
Calculate the highest common divisor of 832 and 52.
52
What is the highest common factor of 6640 and 80?
80
Calculate the highest common divisor of 33 and 1133.
11
What is the highest common factor of 5 and 4145?
5
What is the highest common factor of 44 and 44?
44
Calculate the highest common factor of 128 and 4.
4
Calculate the greatest common factor of 20 and 18140.
20
Calculate the highest common divisor of 918 and 216.
54
Calculate the highest common factor of 155 and 70060.
155
What is the highest common factor of 52 and 12?
4
Calculate the greatest common divisor of 21 and 2044.
7
Calculate the highest common factor of 80 and 7640.
40
What is the greatest common divisor of 1738 and 22?
22
What is the highest common divisor of 15 and 15?
15
What is the highest common factor of 4 and 94?
2
What is the greatest common factor of 110 and 810?
10
Calculate the highest common divisor of 6517 and 133.
133
What is the greatest common divisor of 13 and 1963?
13
Calculate the highest common divisor of 140 and 1204.
28
Calculate the highest common factor of 45 and 1920.
15
What is the greatest common divisor of 1375 and 500?
125
What is the highest common factor of 24 and 3?
3
Calculate the highest common factor of 224 and 1736.
56
Calculate the greatest common factor of 875 and 7.
7
What is the highest common divisor of 11023 and 73?
73
What is the greatest common divisor of 636 and 12?
12
Calculate the greatest common divisor of 123 and 20664.
123
Calculate the greatest common divisor of 11 and 3564.
11
What is the highest common divisor of 9 and 1125?
9
What is the greatest common divisor of 9357 and 3?
3
What is the highest common factor of 379 and 48512?
379
What is the greatest common factor of 36 and 5769?
9
Calculate the highest common divisor of 67185 and 45.
45
Calculate the highest common factor of 30 and 723.
3
Calculate the highest common factor of 45 and 117.
9
What is the highest common factor of 6120 and 45?
45
What is the highest common divisor of 272 and 340?
68
What is the highest common factor of 872 and 8?
8
Calculate the highest common divisor of 220 and 80.
20
Calculate the highest common factor of 3262 and 6.
2
Calculate the greatest common divisor of 494 and 650.
26
What is the highest common divisor of 6749 and 119?
17
Calculate the highest common factor of 660 and 33.
33
Calculate the highest common factor of 10 and 135.
5
What is the greatest common divisor of 1491 and 21?
21
What is the greatest common divisor of 623 and 7?
7
What is the greatest common factor of 100 and 2250?
50
What is the highest common divisor of 2 and 54?
2
Calculate the greatest common factor of 156 and 117.
39
What is the highest common factor of 1050 and 200?
50
What is the highest common factor of 66 and 297?
33
What is the highest common factor of 1392 and 144?
48
Calculate the highest common divisor of 85 and 289.
17
Calculate the greatest common factor of 75 and 30.
15
What is the greatest common factor of 17894 and 46?
46
Calculate the greatest common divisor of 4830 and 15.
15
Calculate the greatest common divisor of 292 and 4.
4
Calculate the highest common divisor of 9640 and 40.
40
What is the greatest common factor of 11873 and 1?
1
What is the greatest common factor of 218 and 2?
2
Calculate the greatest common divisor of 189 and 54.
27
What is the highest common divisor of 153 and 9?
9
Calculate the greatest common factor of 48 and 528.
48
What is the highest common factor of 850 and 150?
50
Calculate the greatest common factor of 53000 and 50.
50
Calculate the greatest common divisor of 1207 and 544.
17
What is the highest common divisor of 735 and 49?
49
What is the greatest common factor of 3604 and 1292?
68
Calculate the greatest common divisor of 3 and 3.
3
What is the greatest common factor of 1881 and 9?
9
Calculate the highest common factor of 567 and 1053.
81
Calculate the highest common factor of 54 and 10602.
18
What is the highest common divisor of 16 and 14?
2
What is the highest common factor of 2875 and 23?
23
Calculate the greatest common divisor of 3960 and 144.
72
Calculate the greatest common factor of 45 and 27.
9
What is the highest common divisor of 7200 and 36?
36
Calculate the highest common divisor of 259 and 7178.
37
What is the greatest common factor of 5190 and 150?
30
What is the greatest common factor of 350 and 200?
50
What is the greatest common factor of 14 and 3430?
14
What is the greatest common divisor of 1519 and 651?
217
What is the highest common divisor of 80 and 6840?
40
What is the greatest common divisor of 84 and 108?
12
Calculate the greatest common divisor of 5080 and 120.
40
What is the greatest common factor of 268 and 2278?
134
Calculate the greatest common divisor of 41 and 2.
1
Calculate the highest common divisor of 15 and 23385.
15
Calculate the greatest common factor of 138 and 18.
6
What is the highest common factor of 188 and 164?
4
What is the greatest common factor of 84 and 3612?
84
What is the highest common divisor of 216 and 504?
72
Calculate the greatest common divisor of 1950 and 930.
30
Calculate the highest common factor of 190 and 40.
10
What is the highest common divisor of 182 and 84?
14
Calculate the highest common factor of 75 and 750.
75
What is the highest common factor of 357 and 1122?
51
Calculate the greatest common divisor of 165 and 22.
11
Calculate the highest common factor of 114 and 30.
6
Calculate the greatest common divisor of 620 and 1922.
62
Calculate the highest common factor of 70 and 3870.
10
Calculate the highest common divisor of 1099 and 471.
157
Calculate the highest common factor of 256 and 12.
4
What is the highest common factor of 72 and 7848?
72
What is the greatest common divisor of 629 and 17?
17
Calculate the highest common factor of 192 and 4944.
48
What is the greatest common divisor of 228 and 969?
57
What is the greatest common divisor of 14 and 8?
2
What is the greatest common divisor of 80 and 32?
16
Calculate the highest common divisor of 759 and 69.
69
What is the greatest common factor of 1038 and 5017?
173
Calculate the highest common divisor of 45 and 9465.
15
Calculate the greatest common divisor of 6 and 48.
6
What is the greatest common factor of 18 and 774?
18
Calculate the greatest common factor of 4 and 218.
2
Calculate the greatest common factor of 4542 and 3.
3
Calculate the highest common factor of 306 and 18.
18
Calculate the highest common divisor of 142 and 6.
2
What is the highest common factor of 308 and 8092?
28
Calculate the greatest common divisor of 8 and 24968.
8
What is the greatest common divisor of 44 and 2684?
44
Calculate the highest common divisor of 11 and 77.
11
Calculate the highest common divisor of 2725 and 25.
25
Calculate the greatest common divisor of 32 and 4592.
16
What is the highest common divisor of 112 and 4384?
16
What is the greatest common divisor of 13286 and 365?
73
What is the greatest common divisor of 55 and 2805?
55
What is the greatest common factor of 60 and 1230?
30
What is the greatest common factor of 12565 and 5?
5
Calculate the highest com